{"id":10841,"date":"2023-09-13T12:52:37","date_gmt":"2023-09-13T15:52:37","guid":{"rendered":"https:\/\/25.scielo.org\/?page_id=10841"},"modified":"2023-09-13T12:55:29","modified_gmt":"2023-09-13T15:55:29","slug":"elena-primo","status":"publish","type":"page","link":"https:\/\/25.scielo.org\/es\/honor\/elena-primo\/","title":{"rendered":"Elena Primo"},"content":{"rendered":"\t\t<div data-elementor-type=\"wp-page\" data-elementor-id=\"10841\" class=\"elementor elementor-10841\" data-elementor-post-type=\"page\">\n\t\t\t\t\t\t<section class=\"elementor-section elementor-top-section elementor-element elementor-element-66a1602 elementor-section-full_width elementor-section-height-default elementor-section-height-default\" data-id=\"66a1602\" data-element_type=\"section\" data-e-type=\"section\" data-settings=\"{&quot;grandconference_ext_is_background_parallax&quot;:&quot;false&quot;,&quot;grandconference_ext_is_background_on_scroll&quot;:&quot;false&quot;}\">\n\t\t\t\t\t\t<div class=\"elementor-container elementor-column-gap-default\">\n\t\t\t\t\t<div class=\"elementor-column elementor-col-100 elementor-top-column elementor-element elementor-element-9955c98\" data-id=\"9955c98\" data-element_type=\"column\" data-e-type=\"column\" data-settings=\"{&quot;grandconference_ext_link_sidemenu&quot;:&quot;false&quot;,&quot;grandconference_ext_link_fullmenu&quot;:&quot;false&quot;,&quot;grandconference_ext_is_sticky&quot;:&quot;false&quot;,&quot;grandconference_ext_is_scrollme&quot;:&quot;false&quot;,&quot;grandconference_ext_is_smoove&quot;:&quot;false&quot;,&quot;grandconference_ext_is_parallax_mouse&quot;:&quot;false&quot;,&quot;grandconference_ext_is_infinite&quot;:&quot;false&quot;,&quot;grandconference_ext_is_fadeout_animation&quot;:&quot;false&quot;}\">\n\t\t\t<div class=\"elementor-widget-wrap elementor-element-populated\">\n\t\t\t\t\t\t<div class=\"elementor-element elementor-element-c3c8307 elementor-widget-divider--view-line_text elementor-widget-divider--element-align-center elementor-widget elementor-widget-divider\" data-id=\"c3c8307\" data-element_type=\"widget\" data-e-type=\"widget\" data-settings=\"{&quot;grandconference_ext_link_sidemenu&quot;:&quot;false&quot;,&quot;grandconference_ext_link_fullmenu&quot;:&quot;false&quot;,&quot;grandconference_ext_is_sticky&quot;:&quot;false&quot;,&quot;grandconference_ext_is_scrollme&quot;:&quot;false&quot;,&quot;grandconference_ext_is_smoove&quot;:&quot;false&quot;,&quot;grandconference_ext_is_parallax_mouse&quot;:&quot;false&quot;,&quot;grandconference_ext_is_infinite&quot;:&quot;false&quot;,&quot;grandconference_ext_is_fadeout_animation&quot;:&quot;false&quot;}\" data-widget_type=\"divider.default\">\n\t\t\t\t<div class=\"elementor-widget-container\">\n\t\t\t\t\t\t\t<div class=\"elementor-divider\">\n\t\t\t<span class=\"elementor-divider-separator\">\n\t\t\t\t\t\t\t<p class=\"elementor-divider__text elementor-divider__element\">\n\t\t\t\tHonores | Elena Primo\t\t\t\t<\/p>\n\t\t\t\t\t\t<\/span>\n\t\t<\/div>\n\t\t\t\t\t\t<\/div>\n\t\t\t\t<\/div>\n\t\t\t\t<div class=\"elementor-element elementor-element-1d5ff48 elementor-widget elementor-widget-text-editor\" data-id=\"1d5ff48\" data-element_type=\"widget\" data-e-type=\"widget\" data-settings=\"{&quot;grandconference_ext_link_sidemenu&quot;:&quot;false&quot;,&quot;grandconference_ext_link_fullmenu&quot;:&quot;false&quot;,&quot;grandconference_ext_is_sticky&quot;:&quot;false&quot;,&quot;grandconference_ext_is_scrollme&quot;:&quot;false&quot;,&quot;grandconference_ext_is_smoove&quot;:&quot;false&quot;,&quot;grandconference_ext_is_parallax_mouse&quot;:&quot;false&quot;,&quot;grandconference_ext_is_infinite&quot;:&quot;false&quot;,&quot;grandconference_ext_is_fadeout_animation&quot;:&quot;false&quot;}\" data-widget_type=\"text-editor.default\">\n\t\t\t\t<div class=\"elementor-widget-container\">\n\t\t\t\t\t\t\t\t\t<p><a href=\"https:\/\/25.scielo.org\/wp-content\/uploads\/2023\/08\/elena-primo.jpg\" target=\"_blank\" rel=\"noopener\"><img fetchpriority=\"high\" decoding=\"async\" class=\"alignleft wp-image-9503 size-full\" title=\"Elena Primo\" src=\"https:\/\/25.scielo.org\/wp-content\/uploads\/2023\/08\/elena-primo.jpg\" alt=\"Elena Primo\" width=\"300\" height=\"300\" \/><\/a>Elena Primo es licenciada en Ciencias Biol\u00f3gicas por la Universidad Complutense de Madrid (1975) y Diplomada en Biblioteconom\u00eda y Documentaci\u00f3n por la Biblioteca Nacional de Espa\u00f1a (1984). Desde 2005, es la Directora de la Biblioteca Nacional de Ciencias de la Salud de Espa\u00f1a, del Instituto de Salud Carlos III, organismo p\u00fablico de investigaci\u00f3n en salud espa\u00f1ol, en la que se gestiona el portal nacional SciELO Espa\u00f1a, la base de datos IBECS (\u00cdndice Bibliogr\u00e1fico Espa\u00f1ol en Ciencias de la Salud), el repositorio institucional RepiSalud y la Biblioteca Virtual en Salud Espa\u00f1a. Desde la Biblioteca Nacional, la coordinaci\u00f3n y el comit\u00e9 nacional de SciELO Espa\u00f1a, Elena Primo ha difundido el Programa SciELO en foros nacionales y a trav\u00e9s de cursos y publicaciones cient\u00edficas del \u00e1mbito de ciencias de la salud, promoviendo la ampliaci\u00f3n del portal y su mejora continua y realizando formaci\u00f3n a editores y usuarios.<\/p><p>Anteriormente trabaj\u00f3 como t\u00e9cnica en el laboratorio de Productos Biol\u00f3gicos del Centro Nacional de Farmacobiolog\u00eda (1977-87), como bibliotecaria en el Centro Nacional de Microbiolog\u00eda (1990-98) y como Directora de la Biblioteca del Centro de Informaci\u00f3n y Documentaci\u00f3n Cient\u00edfica del CSIC (Consejo Superior de Investigaciones Cient\u00edficas, 1998-2005).<\/p><p>Elena Primo estuvo implicada desde el inicio de su carrera profesional en la difusi\u00f3n de la literatura cient\u00edfica producida en Espa\u00f1a en el \u00e1rea de las Ciencias de la Salud y en el movimiento de Acceso Abierto; es integrante desde 2005 de los comit\u00e9s nacionales de SciELO Espa\u00f1a y de IBECS. Ha participado en multitud de cursos sobre localizaci\u00f3n y utilizaci\u00f3n de documentaci\u00f3n cient\u00edfica, en la organizaci\u00f3n de jornadas y congresos profesionales y de Acceso Abierto y publicado art\u00edculos y cap\u00edtulos de libros. Actualmente forma parte de la Comisi\u00f3n asesora de la red de Centros de Informaci\u00f3n y Documentaci\u00f3n Ambiental (RECIDA) y del <em>Working Group on Open Science<\/em> de <em>Science Europe<\/em>.<\/p>\t\t\t\t\t\t\t\t<\/div>\n\t\t\t\t<\/div>\n\t\t\t\t<div class=\"elementor-element elementor-element-238b3df elementor-widget-divider--view-line elementor-widget elementor-widget-divider\" data-id=\"238b3df\" data-element_type=\"widget\" data-e-type=\"widget\" data-settings=\"{&quot;grandconference_ext_link_sidemenu&quot;:&quot;false&quot;,&quot;grandconference_ext_link_fullmenu&quot;:&quot;false&quot;,&quot;grandconference_ext_is_sticky&quot;:&quot;false&quot;,&quot;grandconference_ext_is_scrollme&quot;:&quot;false&quot;,&quot;grandconference_ext_is_smoove&quot;:&quot;false&quot;,&quot;grandconference_ext_is_parallax_mouse&quot;:&quot;false&quot;,&quot;grandconference_ext_is_infinite&quot;:&quot;false&quot;,&quot;grandconference_ext_is_fadeout_animation&quot;:&quot;false&quot;}\" data-widget_type=\"divider.default\">\n\t\t\t\t<div class=\"elementor-widget-container\">\n\t\t\t\t\t\t\t<div class=\"elementor-divider\">\n\t\t\t<span class=\"elementor-divider-separator\">\n\t\t\t\t\t\t<\/span>\n\t\t<\/div>\n\t\t\t\t\t\t<\/div>\n\t\t\t\t<\/div>\n\t\t\t\t<div class=\"elementor-element elementor-element-2ff1822 elementor-widget elementor-widget-spacer\" data-id=\"2ff1822\" data-element_type=\"widget\" data-e-type=\"widget\" data-settings=\"{&quot;grandconference_ext_link_sidemenu&quot;:&quot;false&quot;,&quot;grandconference_ext_link_fullmenu&quot;:&quot;false&quot;,&quot;grandconference_ext_is_sticky&quot;:&quot;false&quot;,&quot;grandconference_ext_is_scrollme&quot;:&quot;false&quot;,&quot;grandconference_ext_is_smoove&quot;:&quot;false&quot;,&quot;grandconference_ext_is_parallax_mouse&quot;:&quot;false&quot;,&quot;grandconference_ext_is_infinite&quot;:&quot;false&quot;,&quot;grandconference_ext_is_fadeout_animation&quot;:&quot;false&quot;}\" data-widget_type=\"spacer.default\">\n\t\t\t\t<div class=\"elementor-widget-container\">\n\t\t\t\t\t\t\t<div class=\"elementor-spacer\">\n\t\t\t<div class=\"elementor-spacer-inner\"><\/div>\n\t\t<\/div>\n\t\t\t\t\t\t<\/div>\n\t\t\t\t<\/div>\n\t\t\t\t\t<\/div>\n\t\t<\/div>\n\t\t\t\t\t<\/div>\n\t\t<\/section>\n\t\t\t\t<\/div>\n\t\t","protected":false},"excerpt":{"rendered":"<p>Honores | Elena Primo Elena Primo es licenciada en Ciencias Biol\u00f3gicas por la Universidad Complutense de Madrid (1975) y Diplomada en Biblioteconom\u00eda y Documentaci\u00f3n por la Biblioteca Nacional de Espa\u00f1a (1984). Desde 2005, es la Directora de la Biblioteca Nacional [&hellip;]<\/p>\n","protected":false},"author":3,"featured_media":0,"parent":8908,"menu_order":0,"comment_status":"closed","ping_status":"closed","template":"","meta":{"_monsterinsights_skip_tracking":false,"_monsterinsights_sitenote_active":false,"_monsterinsights_sitenote_note":"","_monsterinsights_sitenote_category":0,"footnotes":"","_links_to":"","_links_to_target":""},"class_list":["post-10841","page","type-page","status-publish","hentry"],"_links":{"self":[{"href":"https:\/\/25.scielo.org\/es\/wp-json\/wp\/v2\/pages\/10841","targetHints":{"allow":["GET"]}}],"collection":[{"href":"https:\/\/25.scielo.org\/es\/wp-json\/wp\/v2\/pages"}],"about":[{"href":"https:\/\/25.scielo.org\/es\/wp-json\/wp\/v2\/types\/page"}],"author":[{"embeddable":true,"href":"https:\/\/25.scielo.org\/es\/wp-json\/wp\/v2\/users\/3"}],"replies":[{"embeddable":true,"href":"https:\/\/25.scielo.org\/es\/wp-json\/wp\/v2\/comments?post=10841"}],"version-history":[{"count":5,"href":"https:\/\/25.scielo.org\/es\/wp-json\/wp\/v2\/pages\/10841\/revisions"}],"predecessor-version":[{"id":10849,"href":"https:\/\/25.scielo.org\/es\/wp-json\/wp\/v2\/pages\/10841\/revisions\/10849"}],"up":[{"embeddable":true,"href":"https:\/\/25.scielo.org\/es\/wp-json\/wp\/v2\/pages\/8908"}],"wp:attachment":[{"href":"https:\/\/25.scielo.org\/es\/wp-json\/wp\/v2\/media?parent=10841"}],"curies":[{"name":"wp","href":"https:\/\/api.w.org\/{rel}","templated":true}]}}

<div data-elementor-type="wp-page" data-elementor-id="10841" class="elementor elementor-10841" data-elementor-post-type="page">
						<section class="elementor-section elementor-top-section elementor-element elementor-element-66a1602 elementor-section-full_width elementor-section-height-default elementor-section-height-default" data-id="66a1602" data-element_type="section" data-e-type="section" data-settings="{&quot;grandconference_ext_is_background_parallax&quot;:&quot;false&quot;,&quot;grandconference_ext_is_background_on_scroll&quot;:&quot;false&quot;}">
						<div class="elementor-container elementor-column-gap-default">
					<div class="elementor-column elementor-col-100 elementor-top-column elementor-element elementor-element-9955c98" data-id="9955c98" data-element_type="column" data-e-type="column" data-settings="{&quot;grandconference_ext_link_sidemenu&quot;:&quot;false&quot;,&quot;grandconference_ext_link_fullmenu&quot;:&quot;false&quot;,&quot;grandconference_ext_is_sticky&quot;:&quot;false&quot;,&quot;grandconference_ext_is_scrollme&quot;:&quot;false&quot;,&quot;grandconference_ext_is_smoove&quot;:&quot;false&quot;,&quot;grandconference_ext_is_parallax_mouse&quot;:&quot;false&quot;,&quot;grandconference_ext_is_infinite&quot;:&quot;false&quot;,&quot;grandconference_ext_is_fadeout_animation&quot;:&quot;false&quot;}">
			<div class="elementor-widget-wrap elementor-element-populated">
						<div class="elementor-element elementor-element-c3c8307 elementor-widget-divider--view-line_text elementor-widget-divider--element-align-center elementor-widget elementor-widget-divider" data-id="c3c8307" data-element_type="widget" data-e-type="widget" data-settings="{&quot;grandconference_ext_link_sidemenu&quot;:&quot;false&quot;,&quot;grandconference_ext_link_fullmenu&quot;:&quot;false&quot;,&quot;grandconference_ext_is_sticky&quot;:&quot;false&quot;,&quot;grandconference_ext_is_scrollme&quot;:&quot;false&quot;,&quot;grandconference_ext_is_smoove&quot;:&quot;false&quot;,&quot;grandconference_ext_is_parallax_mouse&quot;:&quot;false&quot;,&quot;grandconference_ext_is_infinite&quot;:&quot;false&quot;,&quot;grandconference_ext_is_fadeout_animation&quot;:&quot;false&quot;}" data-widget_type="divider.default">
				<div class="elementor-widget-container">
							<div class="elementor-divider">
			<span class="elementor-divider-separator">
							<p class="elementor-divider__text elementor-divider__element">
				Honores | Elena Primo				</p>
						</span>
		</div>
						</div>
				</div>
				<div class="elementor-element elementor-element-1d5ff48 elementor-widget elementor-widget-text-editor" data-id="1d5ff48" data-element_type="widget" data-e-type="widget" data-settings="{&quot;grandconference_ext_link_sidemenu&quot;:&quot;false&quot;,&quot;grandconference_ext_link_fullmenu&quot;:&quot;false&quot;,&quot;grandconference_ext_is_sticky&quot;:&quot;false&quot;,&quot;grandconference_ext_is_scrollme&quot;:&quot;false&quot;,&quot;grandconference_ext_is_smoove&quot;:&quot;false&quot;,&quot;grandconference_ext_is_parallax_mouse&quot;:&quot;false&quot;,&quot;grandconference_ext_is_infinite&quot;:&quot;false&quot;,&quot;grandconference_ext_is_fadeout_animation&quot;:&quot;false&quot;}" data-widget_type="text-editor.default">
				<div class="elementor-widget-container">
									<p><a href="https://25.scielo.org/wp-content/uploads/2023/08/elena-primo.jpg" target="_blank" rel="noopener"><img fetchpriority="high" decoding="async" class="alignleft wp-image-9503 size-full" title="Elena Primo" src="https://25.scielo.org/wp-content/uploads/2023/08/elena-primo.jpg" alt="Elena Primo" width="300" height="300" /></a>Elena Primo es licenciada en Ciencias Biológicas por la Universidad Complutense de Madrid (1975) y Diplomada en Biblioteconomía y Documentación por la Biblioteca Nacional de España (1984). Desde 2005, es la Directora de la Biblioteca Nacional de Ciencias de la Salud de España, del Instituto de Salud Carlos III, organismo público de investigación en salud español, en la que se gestiona el portal nacional SciELO España, la base de datos IBECS (Índice Bibliográfico Español en Ciencias de la Salud), el repositorio institucional RepiSalud y la Biblioteca Virtual en Salud España. Desde la Biblioteca Nacional, la coordinación y el comité nacional de SciELO España, Elena Primo ha difundido el Programa SciELO en foros nacionales y a través de cursos y publicaciones científicas del ámbito de ciencias de la salud, promoviendo la ampliación del portal y su mejora continua y realizando formación a editores y usuarios.</p><p>Anteriormente trabajó como técnica en el laboratorio de Productos Biológicos del Centro Nacional de Farmacobiología (1977-87), como bibliotecaria en el Centro Nacional de Microbiología (1990-98) y como Directora de la Biblioteca del Centro de Información y Documentación Científica del CSIC (Consejo Superior de Investigaciones Científicas, 1998-2005).</p><p>Elena Primo estuvo implicada desde el inicio de su carrera profesional en la difusión de la literatura científica producida en España en el área de las Ciencias de la Salud y en el movimiento de Acceso Abierto; es integrante desde 2005 de los comités nacionales de SciELO España y de IBECS. Ha participado en multitud de cursos sobre localización y utilización de documentación científica, en la organización de jornadas y congresos profesionales y de Acceso Abierto y publicado artículos y capítulos de libros. Actualmente forma parte de la Comisión asesora de la red de Centros de Información y Documentación Ambiental (RECIDA) y del <em>Working Group on Open Science</em> de <em>Science Europe</em>.</p>								</div>
				</div>
				<div class="elementor-element elementor-element-238b3df elementor-widget-divider--view-line elementor-widget elementor-widget-divider" data-id="238b3df" data-element_type="widget" data-e-type="widget" data-settings="{&quot;grandconference_ext_link_sidemenu&quot;:&quot;false&quot;,&quot;grandconference_ext_link_fullmenu&quot;:&quot;false&quot;,&quot;grandconference_ext_is_sticky&quot;:&quot;false&quot;,&quot;grandconference_ext_is_scrollme&quot;:&quot;false&quot;,&quot;grandconference_ext_is_smoove&quot;:&quot;false&quot;,&quot;grandconference_ext_is_parallax_mouse&quot;:&quot;false&quot;,&quot;grandconference_ext_is_infinite&quot;:&quot;false&quot;,&quot;grandconference_ext_is_fadeout_animation&quot;:&quot;false&quot;}" data-widget_type="divider.default">
				<div class="elementor-widget-container">
							<div class="elementor-divider">
			<span class="elementor-divider-separator">
						</span>
		</div>
						</div>
				</div>
				<div class="elementor-element elementor-element-2ff1822 elementor-widget elementor-widget-spacer" data-id="2ff1822" data-element_type="widget" data-e-type="widget" data-settings="{&quot;grandconference_ext_link_sidemenu&quot;:&quot;false&quot;,&quot;grandconference_ext_link_fullmenu&quot;:&quot;false&quot;,&quot;grandconference_ext_is_sticky&quot;:&quot;false&quot;,&quot;grandconference_ext_is_scrollme&quot;:&quot;false&quot;,&quot;grandconference_ext_is_smoove&quot;:&quot;false&quot;,&quot;grandconference_ext_is_parallax_mouse&quot;:&quot;false&quot;,&quot;grandconference_ext_is_infinite&quot;:&quot;false&quot;,&quot;grandconference_ext_is_fadeout_animation&quot;:&quot;false&quot;}" data-widget_type="spacer.default">
				<div class="elementor-widget-container">
							<div class="elementor-spacer">
			<div class="elementor-spacer-inner"></div>
		</div>
						</div>
				</div>
					</div>
		</div>
					</div>
		</section>
				</div>

<p>Honores | Elena Primo Elena Primo es licenciada en Ciencias Biológicas por la Universidad Complutense de Madrid (1975) y Diplomada en Biblioteconomía y Documentación por la Biblioteca Nacional de España (1984). Desde 2005, es la Directora de la Biblioteca Nacional [&hellip;]</p>
