{"id":11673,"date":"2023-09-20T10:42:57","date_gmt":"2023-09-20T13:42:57","guid":{"rendered":"https:\/\/25.scielo.org\/tribute\/carlos-henrique-de-brito-cruz\/"},"modified":"2023-09-20T10:45:25","modified_gmt":"2023-09-20T13:45:25","slug":"carlos-henrique-de-brito-cruz","status":"publish","type":"page","link":"https:\/\/25.scielo.org\/en\/tribute\/carlos-henrique-de-brito-cruz\/","title":{"rendered":"Carlos Henrique de Brito Cruz"},"content":{"rendered":"\t\t<div data-elementor-type=\"wp-page\" data-elementor-id=\"11673\" class=\"elementor elementor-11673 elementor-11662\" data-elementor-post-type=\"page\">\n\t\t\t\t\t\t<section class=\"elementor-section elementor-top-section elementor-element elementor-element-7870831 elementor-section-full_width elementor-section-height-default elementor-section-height-default\" data-id=\"7870831\" data-element_type=\"section\" data-e-type=\"section\" data-settings=\"{&quot;grandconference_ext_is_background_parallax&quot;:&quot;false&quot;,&quot;grandconference_ext_is_background_on_scroll&quot;:&quot;false&quot;}\">\n\t\t\t\t\t\t<div class=\"elementor-container elementor-column-gap-default\">\n\t\t\t\t\t<div class=\"elementor-column elementor-col-100 elementor-top-column elementor-element elementor-element-cfa56be\" data-id=\"cfa56be\" data-element_type=\"column\" data-e-type=\"column\" data-settings=\"{&quot;grandconference_ext_link_sidemenu&quot;:&quot;false&quot;,&quot;grandconference_ext_link_fullmenu&quot;:&quot;false&quot;,&quot;grandconference_ext_is_sticky&quot;:&quot;false&quot;,&quot;grandconference_ext_is_scrollme&quot;:&quot;false&quot;,&quot;grandconference_ext_is_smoove&quot;:&quot;false&quot;,&quot;grandconference_ext_is_parallax_mouse&quot;:&quot;false&quot;,&quot;grandconference_ext_is_infinite&quot;:&quot;false&quot;,&quot;grandconference_ext_is_fadeout_animation&quot;:&quot;false&quot;}\">\n\t\t\t<div class=\"elementor-widget-wrap elementor-element-populated\">\n\t\t\t\t\t\t<div class=\"elementor-element elementor-element-8c913c7 elementor-widget-divider--view-line_text elementor-widget-divider--element-align-center elementor-widget elementor-widget-divider\" data-id=\"8c913c7\" data-element_type=\"widget\" data-e-type=\"widget\" data-settings=\"{&quot;grandconference_ext_link_sidemenu&quot;:&quot;false&quot;,&quot;grandconference_ext_link_fullmenu&quot;:&quot;false&quot;,&quot;grandconference_ext_is_sticky&quot;:&quot;false&quot;,&quot;grandconference_ext_is_scrollme&quot;:&quot;false&quot;,&quot;grandconference_ext_is_smoove&quot;:&quot;false&quot;,&quot;grandconference_ext_is_parallax_mouse&quot;:&quot;false&quot;,&quot;grandconference_ext_is_infinite&quot;:&quot;false&quot;,&quot;grandconference_ext_is_fadeout_animation&quot;:&quot;false&quot;}\" data-widget_type=\"divider.default\">\n\t\t\t\t<div class=\"elementor-widget-container\">\n\t\t\t\t\t\t\t<div class=\"elementor-divider\">\n\t\t\t<span class=\"elementor-divider-separator\">\n\t\t\t\t\t\t\t<p class=\"elementor-divider__text elementor-divider__element\">\n\t\t\t\tHomenagens | Carlos Henrique de Brito Cruz\t\t\t\t<\/p>\n\t\t\t\t\t\t<\/span>\n\t\t<\/div>\n\t\t\t\t\t\t<\/div>\n\t\t\t\t<\/div>\n\t\t\t\t<div class=\"elementor-element elementor-element-941939a elementor-widget elementor-widget-text-editor\" data-id=\"941939a\" data-element_type=\"widget\" data-e-type=\"widget\" data-settings=\"{&quot;grandconference_ext_link_sidemenu&quot;:&quot;false&quot;,&quot;grandconference_ext_link_fullmenu&quot;:&quot;false&quot;,&quot;grandconference_ext_is_sticky&quot;:&quot;false&quot;,&quot;grandconference_ext_is_scrollme&quot;:&quot;false&quot;,&quot;grandconference_ext_is_smoove&quot;:&quot;false&quot;,&quot;grandconference_ext_is_parallax_mouse&quot;:&quot;false&quot;,&quot;grandconference_ext_is_infinite&quot;:&quot;false&quot;,&quot;grandconference_ext_is_fadeout_animation&quot;:&quot;false&quot;}\" data-widget_type=\"text-editor.default\">\n\t\t\t\t<div class=\"elementor-widget-container\">\n\t\t\t\t\t\t\t\t\t<p><a href=\"https:\/\/25.scielo.org\/wp-content\/uploads\/2023\/09\/Carlos-Henrique-de-Brito-Cruz.jpg\" target=\"_blank\" rel=\"noopener\"><img fetchpriority=\"high\" decoding=\"async\" class=\"alignleft wp-image-11667 size-full\" title=\"Carlos Henrique de Brito Cruz\" src=\"https:\/\/25.scielo.org\/wp-content\/uploads\/2023\/09\/Carlos-Henrique-de-Brito-Cruz.jpg\" alt=\"Carlos Henrique de Brito Cruz\" width=\"300\" height=\"300\" \/><\/a>Carlos Henrique de Brito Cruz Graduou-se em Engenharia de Eletr\u00f4nica no Instituto de Tecnologia da Aeron\u00e1utica em 1978 e obteve o t\u00edtulo de Mestre em Ci\u00eancias em 1980 e o de Doutor em Ci\u00eancias em 1983, no Instituto de F\u00edsica Gleb Wataghin, da Unicamp. Foi pesquisador visitante do Instituto \u00cdtalo Latino-Americano na <em>Universit\u00e0 degli Studi<\/em>, em Roma, pesquisador visitante na Universidade Pierre et Marie Curie, Paris, e visitante residente nos Laborat\u00f3rios Bell da AT&amp;T em NJ, EUA. Sua \u00e1rea de pesquisa \u00e9 o estudo de fen\u00f4menos ultrarr\u00e1pidos com lasers de pulsos ultracurtos, com \u00eanfase no estudo de processos eletr\u00f4nicos em escala de tempo de femtossegundos em materiais opticamente n\u00e3o lineares voltados a aplica\u00e7\u00f5es em comunica\u00e7\u00f5es \u00f3pticas. Tem contribu\u00eddo na pesquisa sobre pol\u00edticas para ci\u00eancia e tecnologia e indicadores de impacto de pesquisas. Brito Cruz foi Diretor do Instituto de F\u00edsica da Unicamp e Pr\u00f3-Reitor de Pesquisa da Unicamp. Foi Vice-Presidente da Sociedade Brasileira de F\u00edsica e membro do Comit\u00ea Consultivo Internacional da Optical Society of Am\u00e9rica. Foi Presidente do Conselho Superior de Tecnologia e Competitividade da FIESP de 2005 a 2011. Foi Presidente da Fapesp de 1996 a 2002 e Reitor da Unicamp entre 2002 e 2005. Foi Diretor-Cient\u00edfico da Fapesp de abril de 2005 a abril de 2020.<\/p><p>Brito Cruz, em sua gest\u00e3o como Diretor Cient\u00edfico da Fapesp, teve um papel singular na consolida\u00e7\u00e3o do Programa SciELO. Em v\u00e1rias ocasi\u00f5es destacou o interesse da Fapesp em acompanhar o crescente desempenho de peri\u00f3dicos cient\u00edficos editados no Brasil em \u00edndices bibliom\u00e9tricos internacionais, que atribui em grande parte ao Programa SciELO. Ele tamb\u00e9m reconhece a import\u00e2ncia da internacionaliza\u00e7\u00e3o da ci\u00eancia brasileira proporcionada pela consolida\u00e7\u00e3o das publica\u00e7\u00f5es cient\u00edficas decorrente da estrat\u00e9gia promovida pelo SciELO.<\/p><p>Brito Cruz recebeu a Ordem do M\u00e9rito Cient\u00edfico da Rep\u00fablica Federativa do Brasil, a <em>Ordre des Palmes Academiques<\/em> da Fran\u00e7a e a Ordem do Imp\u00e9rio Brit\u00e2nico do Reino Unido. Desde 2000 \u00e9 membro da Academia Brasileira de Ci\u00eancias. Atualmente \u00e9 Vice-Presidente S\u00eanior de Redes de Pesquisa, na Elsevier (Oxford, UK).<\/p>\t\t\t\t\t\t\t\t<\/div>\n\t\t\t\t<\/div>\n\t\t\t\t<div class=\"elementor-element elementor-element-0ba2402 elementor-widget-divider--view-line elementor-widget elementor-widget-divider\" data-id=\"0ba2402\" data-element_type=\"widget\" data-e-type=\"widget\" data-settings=\"{&quot;grandconference_ext_link_sidemenu&quot;:&quot;false&quot;,&quot;grandconference_ext_link_fullmenu&quot;:&quot;false&quot;,&quot;grandconference_ext_is_sticky&quot;:&quot;false&quot;,&quot;grandconference_ext_is_scrollme&quot;:&quot;false&quot;,&quot;grandconference_ext_is_smoove&quot;:&quot;false&quot;,&quot;grandconference_ext_is_parallax_mouse&quot;:&quot;false&quot;,&quot;grandconference_ext_is_infinite&quot;:&quot;false&quot;,&quot;grandconference_ext_is_fadeout_animation&quot;:&quot;false&quot;}\" data-widget_type=\"divider.default\">\n\t\t\t\t<div class=\"elementor-widget-container\">\n\t\t\t\t\t\t\t<div class=\"elementor-divider\">\n\t\t\t<span class=\"elementor-divider-separator\">\n\t\t\t\t\t\t<\/span>\n\t\t<\/div>\n\t\t\t\t\t\t<\/div>\n\t\t\t\t<\/div>\n\t\t\t\t<div class=\"elementor-element elementor-element-56bbed9 elementor-widget elementor-widget-spacer\" data-id=\"56bbed9\" data-element_type=\"widget\" data-e-type=\"widget\" data-settings=\"{&quot;grandconference_ext_link_sidemenu&quot;:&quot;false&quot;,&quot;grandconference_ext_link_fullmenu&quot;:&quot;false&quot;,&quot;grandconference_ext_is_sticky&quot;:&quot;false&quot;,&quot;grandconference_ext_is_scrollme&quot;:&quot;false&quot;,&quot;grandconference_ext_is_smoove&quot;:&quot;false&quot;,&quot;grandconference_ext_is_parallax_mouse&quot;:&quot;false&quot;,&quot;grandconference_ext_is_infinite&quot;:&quot;false&quot;,&quot;grandconference_ext_is_fadeout_animation&quot;:&quot;false&quot;}\" data-widget_type=\"spacer.default\">\n\t\t\t\t<div class=\"elementor-widget-container\">\n\t\t\t\t\t\t\t<div class=\"elementor-spacer\">\n\t\t\t<div class=\"elementor-spacer-inner\"><\/div>\n\t\t<\/div>\n\t\t\t\t\t\t<\/div>\n\t\t\t\t<\/div>\n\t\t\t\t\t<\/div>\n\t\t<\/div>\n\t\t\t\t\t<\/div>\n\t\t<\/section>\n\t\t\t\t<\/div>\n\t\t","protected":false},"excerpt":{"rendered":"<p>Homenagens | Carlos Henrique de Brito Cruz Carlos Henrique de Brito Cruz Graduou-se em Engenharia de Eletr\u00f4nica no Instituto de Tecnologia da Aeron\u00e1utica em 1978 e obteve o t\u00edtulo de Mestre em Ci\u00eancias em 1980 e o de Doutor em [&hellip;]<\/p>\n","protected":false},"author":3,"featured_media":0,"parent":8907,"menu_order":0,"comment_status":"closed","ping_status":"closed","template":"","meta":{"_monsterinsights_skip_tracking":false,"_monsterinsights_sitenote_active":false,"_monsterinsights_sitenote_note":"","_monsterinsights_sitenote_category":0,"footnotes":"","_links_to":"","_links_to_target":""},"class_list":["post-11673","page","type-page","status-publish","hentry"],"_links":{"self":[{"href":"https:\/\/25.scielo.org\/en\/wp-json\/wp\/v2\/pages\/11673","targetHints":{"allow":["GET"]}}],"collection":[{"href":"https:\/\/25.scielo.org\/en\/wp-json\/wp\/v2\/pages"}],"about":[{"href":"https:\/\/25.scielo.org\/en\/wp-json\/wp\/v2\/types\/page"}],"author":[{"embeddable":true,"href":"https:\/\/25.scielo.org\/en\/wp-json\/wp\/v2\/users\/3"}],"replies":[{"embeddable":true,"href":"https:\/\/25.scielo.org\/en\/wp-json\/wp\/v2\/comments?post=11673"}],"version-history":[{"count":1,"href":"https:\/\/25.scielo.org\/en\/wp-json\/wp\/v2\/pages\/11673\/revisions"}],"predecessor-version":[{"id":11676,"href":"https:\/\/25.scielo.org\/en\/wp-json\/wp\/v2\/pages\/11673\/revisions\/11676"}],"up":[{"embeddable":true,"href":"https:\/\/25.scielo.org\/en\/wp-json\/wp\/v2\/pages\/8907"}],"wp:attachment":[{"href":"https:\/\/25.scielo.org\/en\/wp-json\/wp\/v2\/media?parent=11673"}],"curies":[{"name":"wp","href":"https:\/\/api.w.org\/{rel}","templated":true}]}}

<div data-elementor-type="wp-page" data-elementor-id="11673" class="elementor elementor-11673 elementor-11662" data-elementor-post-type="page">
						<section class="elementor-section elementor-top-section elementor-element elementor-element-7870831 elementor-section-full_width elementor-section-height-default elementor-section-height-default" data-id="7870831" data-element_type="section" data-e-type="section" data-settings="{&quot;grandconference_ext_is_background_parallax&quot;:&quot;false&quot;,&quot;grandconference_ext_is_background_on_scroll&quot;:&quot;false&quot;}">
						<div class="elementor-container elementor-column-gap-default">
					<div class="elementor-column elementor-col-100 elementor-top-column elementor-element elementor-element-cfa56be" data-id="cfa56be" data-element_type="column" data-e-type="column" data-settings="{&quot;grandconference_ext_link_sidemenu&quot;:&quot;false&quot;,&quot;grandconference_ext_link_fullmenu&quot;:&quot;false&quot;,&quot;grandconference_ext_is_sticky&quot;:&quot;false&quot;,&quot;grandconference_ext_is_scrollme&quot;:&quot;false&quot;,&quot;grandconference_ext_is_smoove&quot;:&quot;false&quot;,&quot;grandconference_ext_is_parallax_mouse&quot;:&quot;false&quot;,&quot;grandconference_ext_is_infinite&quot;:&quot;false&quot;,&quot;grandconference_ext_is_fadeout_animation&quot;:&quot;false&quot;}">
			<div class="elementor-widget-wrap elementor-element-populated">
						<div class="elementor-element elementor-element-8c913c7 elementor-widget-divider--view-line_text elementor-widget-divider--element-align-center elementor-widget elementor-widget-divider" data-id="8c913c7" data-element_type="widget" data-e-type="widget" data-settings="{&quot;grandconference_ext_link_sidemenu&quot;:&quot;false&quot;,&quot;grandconference_ext_link_fullmenu&quot;:&quot;false&quot;,&quot;grandconference_ext_is_sticky&quot;:&quot;false&quot;,&quot;grandconference_ext_is_scrollme&quot;:&quot;false&quot;,&quot;grandconference_ext_is_smoove&quot;:&quot;false&quot;,&quot;grandconference_ext_is_parallax_mouse&quot;:&quot;false&quot;,&quot;grandconference_ext_is_infinite&quot;:&quot;false&quot;,&quot;grandconference_ext_is_fadeout_animation&quot;:&quot;false&quot;}" data-widget_type="divider.default">
				<div class="elementor-widget-container">
							<div class="elementor-divider">
			<span class="elementor-divider-separator">
							<p class="elementor-divider__text elementor-divider__element">
				Homenagens | Carlos Henrique de Brito Cruz				</p>
						</span>
		</div>
						</div>
				</div>
				<div class="elementor-element elementor-element-941939a elementor-widget elementor-widget-text-editor" data-id="941939a" data-element_type="widget" data-e-type="widget" data-settings="{&quot;grandconference_ext_link_sidemenu&quot;:&quot;false&quot;,&quot;grandconference_ext_link_fullmenu&quot;:&quot;false&quot;,&quot;grandconference_ext_is_sticky&quot;:&quot;false&quot;,&quot;grandconference_ext_is_scrollme&quot;:&quot;false&quot;,&quot;grandconference_ext_is_smoove&quot;:&quot;false&quot;,&quot;grandconference_ext_is_parallax_mouse&quot;:&quot;false&quot;,&quot;grandconference_ext_is_infinite&quot;:&quot;false&quot;,&quot;grandconference_ext_is_fadeout_animation&quot;:&quot;false&quot;}" data-widget_type="text-editor.default">
				<div class="elementor-widget-container">
									<p><a href="https://25.scielo.org/wp-content/uploads/2023/09/Carlos-Henrique-de-Brito-Cruz.jpg" target="_blank" rel="noopener"><img fetchpriority="high" decoding="async" class="alignleft wp-image-11667 size-full" title="Carlos Henrique de Brito Cruz" src="https://25.scielo.org/wp-content/uploads/2023/09/Carlos-Henrique-de-Brito-Cruz.jpg" alt="Carlos Henrique de Brito Cruz" width="300" height="300" /></a>Carlos Henrique de Brito Cruz Graduou-se em Engenharia de Eletrônica no Instituto de Tecnologia da Aeronáutica em 1978 e obteve o título de Mestre em Ciências em 1980 e o de Doutor em Ciências em 1983, no Instituto de Física Gleb Wataghin, da Unicamp. Foi pesquisador visitante do Instituto Ítalo Latino-Americano na <em>Università degli Studi</em>, em Roma, pesquisador visitante na Universidade Pierre et Marie Curie, Paris, e visitante residente nos Laboratórios Bell da AT&amp;T em NJ, EUA. Sua área de pesquisa é o estudo de fenômenos ultrarrápidos com lasers de pulsos ultracurtos, com ênfase no estudo de processos eletrônicos em escala de tempo de femtossegundos em materiais opticamente não lineares voltados a aplicações em comunicações ópticas. Tem contribuído na pesquisa sobre políticas para ciência e tecnologia e indicadores de impacto de pesquisas. Brito Cruz foi Diretor do Instituto de Física da Unicamp e Pró-Reitor de Pesquisa da Unicamp. Foi Vice-Presidente da Sociedade Brasileira de Física e membro do Comitê Consultivo Internacional da Optical Society of América. Foi Presidente do Conselho Superior de Tecnologia e Competitividade da FIESP de 2005 a 2011. Foi Presidente da Fapesp de 1996 a 2002 e Reitor da Unicamp entre 2002 e 2005. Foi Diretor-Científico da Fapesp de abril de 2005 a abril de 2020.</p><p>Brito Cruz, em sua gestão como Diretor Científico da Fapesp, teve um papel singular na consolidação do Programa SciELO. Em várias ocasiões destacou o interesse da Fapesp em acompanhar o crescente desempenho de periódicos científicos editados no Brasil em índices bibliométricos internacionais, que atribui em grande parte ao Programa SciELO. Ele também reconhece a importância da internacionalização da ciência brasileira proporcionada pela consolidação das publicações científicas decorrente da estratégia promovida pelo SciELO.</p><p>Brito Cruz recebeu a Ordem do Mérito Científico da República Federativa do Brasil, a <em>Ordre des Palmes Academiques</em> da França e a Ordem do Império Britânico do Reino Unido. Desde 2000 é membro da Academia Brasileira de Ciências. Atualmente é Vice-Presidente Sênior de Redes de Pesquisa, na Elsevier (Oxford, UK).</p>								</div>
				</div>
				<div class="elementor-element elementor-element-0ba2402 elementor-widget-divider--view-line elementor-widget elementor-widget-divider" data-id="0ba2402" data-element_type="widget" data-e-type="widget" data-settings="{&quot;grandconference_ext_link_sidemenu&quot;:&quot;false&quot;,&quot;grandconference_ext_link_fullmenu&quot;:&quot;false&quot;,&quot;grandconference_ext_is_sticky&quot;:&quot;false&quot;,&quot;grandconference_ext_is_scrollme&quot;:&quot;false&quot;,&quot;grandconference_ext_is_smoove&quot;:&quot;false&quot;,&quot;grandconference_ext_is_parallax_mouse&quot;:&quot;false&quot;,&quot;grandconference_ext_is_infinite&quot;:&quot;false&quot;,&quot;grandconference_ext_is_fadeout_animation&quot;:&quot;false&quot;}" data-widget_type="divider.default">
				<div class="elementor-widget-container">
							<div class="elementor-divider">
			<span class="elementor-divider-separator">
						</span>
		</div>
						</div>
				</div>
				<div class="elementor-element elementor-element-56bbed9 elementor-widget elementor-widget-spacer" data-id="56bbed9" data-element_type="widget" data-e-type="widget" data-settings="{&quot;grandconference_ext_link_sidemenu&quot;:&quot;false&quot;,&quot;grandconference_ext_link_fullmenu&quot;:&quot;false&quot;,&quot;grandconference_ext_is_sticky&quot;:&quot;false&quot;,&quot;grandconference_ext_is_scrollme&quot;:&quot;false&quot;,&quot;grandconference_ext_is_smoove&quot;:&quot;false&quot;,&quot;grandconference_ext_is_parallax_mouse&quot;:&quot;false&quot;,&quot;grandconference_ext_is_infinite&quot;:&quot;false&quot;,&quot;grandconference_ext_is_fadeout_animation&quot;:&quot;false&quot;}" data-widget_type="spacer.default">
				<div class="elementor-widget-container">
							<div class="elementor-spacer">
			<div class="elementor-spacer-inner"></div>
		</div>
						</div>
				</div>
					</div>
		</div>
					</div>
		</section>
				</div>

<p>Homenagens | Carlos Henrique de Brito Cruz Carlos Henrique de Brito Cruz Graduou-se em Engenharia de Eletrônica no Instituto de Tecnologia da Aeronáutica em 1978 e obteve o título de Mestre em Ciências em 1980 e o de Doutor em [&hellip;]</p>
